lse
Is 81 a factor of 1213274?
False
Is 286707900 a multiple of 17?
False
Is 75 a factor of 36086400?
True
Is 287199938 a multiple of 455?
False
Is 4862275 a multiple of 1490?
False
Does 9 divide 17142660?
True
Is 1653 a factor of 2914091740?
False
Does 134 divide 969166524?
True
Is 21 a factor of 61023919?
False
Is 8 a factor of 937508851?
False
Is 1482444830 a multiple of 93?
False
Is 5699 a factor of 480921513?
True
Does 858 divide 816829527?
False
Is 431313962 a multiple of 422?
True
Does 14 divide 175409878?
True
Does 415 divide 108808982?
False
Does 5 divide 2841511?
False
Does 8 divide 59163496?
True
Does 23 divide 956167684?
True
Does 13 divide 8583068?
True
Is 14 a factor of 2074011991?
False
Is 475 a factor of 4235208?
False
Is 121772640 a multiple of 120?
True
Is 19 a factor of 36954032?
False
Is 3552 a factor of 1998156167?
False
Is 4323 a factor of 275625834?
True
Is 327990195 a multiple of 15?
True
Does 13299 divide 6838625079?
True
Is 5336374 a multiple of 93?
False
Does 2 divide 323995684?
True
Does 73 divide 25653003?
True
Is 119 a factor of 22339860?
False
Is 19 a factor of 258414507?
False
Is 19 a factor of 30357440?
True
Is 5 a factor of 3223416?
False
Does 640 divide 47758569?
False
Is 152 a factor of 353567808?
True
Does 2029 divide 2093556192?
False
Is 108323539 a multiple of 521?
False
Is 2912 a factor of 2218944?
True
Is 118199183 a multiple of 9?
False
Is 180 a factor of 18471960?
True
Is 161 a factor of 418183976?
True
Is 35041414 a multiple of 47?
True
Does 348 divide 37103838?
False
Does 647 divide 40326863?
True
Does 3233 divide 154107315?
False
Is 11 a factor of 153799386?
False
Is 43674973 a multiple of 31?
False
Is 95 a factor of 812596180?
True
Is 581381588 a multiple of 1966?
True
Is 83 a factor of 57643002?
True
Is 208850518 a multiple of 58?
True
Does 3381 divide 79345308?
True
Is 2485 a factor of 36487255?
True
Is 73 a factor of 426883126?
False
Is 311702946 a multiple of 1943?
False
Is 968 a factor of 136984584?
True
Is 372570 a multiple of 3?
True
Does 18 divide 38037829?
False
Does 9 divide 35868571?
False
Does 2156 divide 36625344?
False
Does 669 divide 27691917?
True
Does 78 divide 473806398?
True
Does 2628 divide 496243136?
False
Is 1137210833 a multiple of 525?
False
Does 35 divide 83894370?
True
Is 157748074 a multiple of 578?
False
Is 4287 a factor of 209317062?
True
Is 458 a factor of 24381914?
False
Does 2216 divide 142958592?
True
Is 188 a factor of 17656772?
True
Does 26 divide 2122238?
False
Is 102 a factor of 3723306?
True
Does 15 divide 3558623595?
True
Does 17 divide 3156602602?
True
Is 1105 a factor of 553571397?
False
Is 40415823 a multiple of 63?
True
Is 864 a factor of 340439328?
True
Is 17 a factor of 1966998?
False
Is 433832813 a multiple of 24?
False
Does 33 divide 524044191?
True
Is 322313160 a multiple of 390?
True
Is 1671 a factor of 1195176003?
False
Is 374 a factor of 231426077?
False
Does 3599 divide 9548147?
True
Does 42 divide 89254613?
False
Does 53 divide 643499532?
False
Does 69 divide 567379986?
False
Is 462920391 a multiple of 3?
True
Is 142921193 a multiple of 108?
False
Is 843932292 a multiple of 204?
True
Is 570 a factor of 349251540?
True
Is 1106844053 a multiple of 2162?
False
Does 32 divide 49960313?
False
Is 3 a factor of 202005?
True
Is 10 a factor of 274262130?
True
Is 20 a factor of 196743100?
True
Is 24 a factor of 188836136?
False
Does 12 divide 123787075?
False
Is 15 a factor of 46095659?
False
Is 801 a factor of 28260406?
False
Is 11641240 a multiple of 13?
True
Is 24837940 a multiple of 163?
True
Is 39 a factor of 88976738?
False
Is 73849281 a multiple of 182?
False
Is 36292625 a multiple of 6?
False
Is 144458953 a multiple of 1281?
False
Does 5 divide 130341218?
False
Is 2984 a factor of 1511154296?
True
Is 508 a factor of 68518024?
True
Is 223266576 a multiple of 1326?
True
Is 111 a factor of 142150263?
True
Is 516 a factor of 69016834?
False
Is 157112172 a multiple of 47?
False
Is 214121612 a multiple of 3197?
False
Does 6 divide 276543150?
True
Does 528 divide 1191843?
False
Is 10 a factor of 1725849870?
True
Does 1541 divide 309399474?
False
Does 974 divide 29884268?
True
Is 366476949 a multiple of 853?
True
Is 30 a factor of 904203510?
True
Is 5019714970 a multiple of 1559?
True
Is 60 a factor of 264764481?
False
Is 17 a factor of 140093056?
True
Does 14 divide 18074?
True
Is 35 a factor of 302942325?
True
Is 1193 a factor of 259104091?
True
Is 75023850 a multiple of 902?
True
Is 974227436 a multiple of 3159?
False
Does 7 divide 345509?
False
Does 7 divide 31070893?
True
Is 304 a factor of 18193176?
False
Does 18 divide 2900877?
False
Is 62790345 a multiple of 309?
True
Is 647 a factor of 26451301?
True
Is 680 a factor of 91251363?
False
Is 62 a factor of 22943100?
True
Does 60 divide 150339240?
True
Is 14 a factor of 797326?
False
Is 59805540 a multiple of 1102?
True
Does 252 divide 65205504?
True
Does 87 divide 27617456?
False
Does 1381 divide 6141088802?
True
Does 155 divide 69940185?
True
Does 14 divide 1141357476?
True
Does 192 divide 898108032?
True
Does 4092 divide 2638341552?
True
Does 28 divide 71571892?
True
Does 14 divide 569589710?
False
Does 360 divide 162965520?
True
Does 104 divide 101104328?
True
Is 683 a factor of 2159432221?
True
Is 146329868 a multiple of 1396?
False
Is 2826 a factor of 34350030?
True
Is 6079854 a multiple of 11?
True
Does 3525 divide 372220080?
False
Is 22167093 a multiple of 17?
False
Is 32613901 a multiple of 194?
False
Is 363 a factor of 470569242?
True
Does 620 divide 1717470?
False
Is 2033800 a multiple of 8?
True
Does 67 divide 280262868?
False
Does 227 divide 280978936?
False
Is 471288533 a multiple of 808?
False
Is 23231703 a multiple of 10?
False
Is 3775013 a multiple of 473?
True
Is 2978 a factor of 27031141?
False
Is 13866080 a multiple of 3?
False
Is 126187243 a multiple of 30?
False
Does 7 divide 126007119?
True
Is 1588 a factor of 128494608?
True
Is 267372616 a multiple of 196?
True
Is 15605670 a multiple of 2?
True
Is 53 a factor of 20431845?
False
Does 587 divide 45317574?
True
Is 39971196 a multiple of 12?
True
Is 58883175 a multiple of 65?
True
Is 221192544 a multiple of 6?
True
Is 35450051 a multiple of 14?
False
Is 99 a factor of 1122989395?
False
Is 33 a factor of 2427117?
True
Is 430110954 a multiple of 18?
True
Does 291 divide 313502557?
False
Is 119711995 a multiple of 845?
True
Is 3931 a factor of 199763293?
False
Is 199 a factor of 1449257?
False
Is 672 a factor of 407352288?
True
Is 17708636 a multiple of 2948?
True
Is 273810666 a multiple of 274?
True
Is 17336340 a multiple of 63?
True
Does 2 divide 25491632?
True
Is 1466178 a multiple of 49?
True
Does 61 divide 46941208?
True
Does 98 divide 395669573?
False
Is 923 a factor of 209884662?
True
Is 7519 a factor of 685745754?
False
Does 177 divide 76077786?
True
Is 35655681 a multiple of 807?
True
Does 294 divide 37743531?
False
Does 16 divide 86789056?
True
Is 792 a factor of 35297718?
False
Does 19 divide 39434774?
False
Does 6342 divide 1447086853?
False
Does 871 divide 110671421?
False
Is 151 a factor of 2632206934?
True
Is 670760200 a multiple of 4072?
True
Is 205 a factor of 13905719?
False
Is 102158798 a multiple of 34?
False
Is 681157702 a multiple of 5?
False
Is 109830224 a multiple of 56?
True
Does 157 divide 3044567393?
True
Does 664 divide 935326573?
False
Does 11 divide 1707134772?
False
Does 1513 divide 92748413?
True
Is 15129 a factor of 638307639?
True
Does 105 divide 1172171280?
True
Is 1597 a factor of 34050864?
False
Is 8 a factor of 912901428?
False
Is 15 a factor of 5988885?
True
Does 15 divide 79544670?
True
Does 97 divide 157373583?
False
Is 2438291940 a multiple of 245?
True
Is 43 a factor of 5266443709?
False
Is 6 a factor of 939142244?
False
Is 25 a factor of 1505706443?
False
Is 3786 a factor of 58643345?
False
Is 9 a factor of 107063111?
False
Is 486179580 a multiple of 57?
False
Does 20 divide 18827430?
False
Is 67 a factor of 303571104?
True
Does 64 divide 546957184?
True
Does 78 divide 997892266?
False
Is 23134750 a multiple of 50?
True
Is 1346 a factor of 535915284?
True
Does 15 divide 104431307?
False
Does 86 divide 117867644?
True
Does 404 divide 156627848?
False
Is 6102752904 a multiple of 64?
False